{"id":6364,"date":"2017-11-09T14:47:06","date_gmt":"2017-11-09T13:47:06","guid":{"rendered":"http:\/\/www.hotelmare.org\/camere\/"},"modified":"2024-10-02T11:07:52","modified_gmt":"2024-10-02T09:07:52","slug":"chambres","status":"publish","type":"page","link":"https:\/\/www.hotelmare.org\/fr\/chambres\/","title":{"rendered":"Chambres"},"content":{"rendered":"<div class=\"wpb-content-wrapper\"><p>[vc_row][vc_column][vc_widget_sidebar sidebar_id=\u00a0\u00bbthim_sidebar_1510833136&Prime;][\/vc_column][\/vc_row][vc_row css=\u00a0\u00bb.vc_custom_1520495430443{padding-top: 50px !important;}\u00a0\u00bb][vc_column]\n\t<div class=\"thim-sc-heading  \" >\n\t\t<div class=\"article_heading \">\n\t\t\t<p class=\"heading_primary\" style=\"color: #118acb;font-size: 28px;font-weight: bold;\" >NOS CHAMBRES<\/p>\n\t\t\t\n\t\t\t \n\t\t\t\n\t\t<\/div>\n\t<\/div>[vc_empty_space height=\u00a0\u00bb20px\u00a0\u00bb][vc_column_text]Toutes nos chambres disposent de balcon ou de v\u00e9randa ext\u00e9rieure, climatisation, connexion internet WiFi gratuite, minibar, coffre-fort, t\u00e9l\u00e9vision par satellite, salle de bain avec douche, s\u00e8che-cheveux et accessoirs de toilette.[\/vc_column_text][vc_empty_space height=\u00a0\u00bb20px\u00a0\u00bb][\/vc_column][\/vc_row][vc_row][vc_column width=\u00a0\u00bb1\/2&Prime;]\n\t<div class=\"thim-sc-heading  \" style = text-align:left; >\n\t\t<div class=\"article_heading \">\n\t\t\t<p class=\"heading_primary\"  >Chambres Standard<\/p>\n\t\t\t\n\t\t\t \n\t\t\t\n\t\t<\/div>\n\t<\/div>[vc_column_text css=\u00a0\u00bb\u00a0\u00bb]Nos chambres Standard sont situ\u00e9es au rez-de-chauss\u00e9e <span class=\"HwtZe\" lang=\"fr\"><span class=\"jCAhz ChMk0b\"><span class=\"ryNqvb\">avec une terrasse priv\u00e9e<\/span><\/span><\/span> <span class=\"HwtZe\" lang=\"fr\"><span class=\"jCAhz ChMk0b\"><span class=\"ryNqvb\">ou au premier \u00e9tage avec balcon<\/span><\/span><\/span>. M\u00eame si elles ne b\u00e9n\u00e9ficient pas de la vue sur la mer, elles sont silencieuses et confortables.<\/p>\n<p>Ce sont des chambres doubles, triples ou quadruples.[\/vc_column_text][\/vc_column][vc_column width=\u00a0\u00bb1\/2&Prime;][vc_gallery type=\u00a0\u00bbflexslider_slide\u00a0\u00bb interval=\u00a0\u00bb3&Prime; images=\u00a0\u00bb7868,7917,7876,7888,7893,7897,7912&Prime; img_size=\u00a0\u00bb600&#215;450&Prime; onclick=\u00a0\u00bb\u00a0\u00bb css=\u00a0\u00bb\u00a0\u00bb][\/vc_column][\/vc_row][vc_row][vc_column width=\u00a0\u00bb1\/2&Prime;]\n\t<div class=\"thim-sc-heading  \" style = text-align:left; >\n\t\t<div class=\"article_heading \">\n\t\t\t<p class=\"heading_primary\"  >Chambres Classic<\/p>\n\t\t\t\n\t\t\t \n\t\t\t\n\t\t<\/div>\n\t<\/div>[vc_column_text css=\u00a0\u00bb\u00a0\u00bb]Les chambres Classic sont situ\u00e9es dans le jardin de l&rsquo;h\u00f4tel. <span class=\"HwtZe\" lang=\"fr\"><span class=\"jCAhz ChMk0b\"><span class=\"ryNqvb\">Elles disposent toutes d&rsquo;une terrasse priv\u00e9e avec vue sur la mer et la piscine<\/span><\/span><\/span><\/p>\n<p>Vous les trouverez dans les versions chambres doubles, triples ou quadruples.[\/vc_column_text][\/vc_column][vc_column width=\u00a0\u00bb1\/2&Prime;][vc_gallery type=\u00a0\u00bbflexslider_slide\u00a0\u00bb interval=\u00a0\u00bb3&Prime; images=\u00a0\u00bb7953,7931,7935,7957,7947,7972,7966,7976&Prime; img_size=\u00a0\u00bb600&#215;450&Prime; onclick=\u00a0\u00bb\u00a0\u00bb css=\u00a0\u00bb\u00a0\u00bb][\/vc_column][\/vc_row][vc_row][vc_column width=\u00a0\u00bb1\/2&Prime;]\n\t<div class=\"thim-sc-heading  \" style = text-align:left; >\n\t\t<div class=\"article_heading \">\n\t\t\t<p class=\"heading_primary\"  >Chambres Superior<\/p>\n\t\t\t\n\t\t\t \n\t\t\t\n\t\t<\/div>\n\t<\/div>[vc_column_text]Les chambres Superior sont toutes situ\u00e9es au premier \u00e9tage et \u00e9quip\u00e9es de terrasse priv\u00e9e avec vue sur mer.<\/p>\n<p>Vous les trouverez dans les versions chambres doubles et triples.[\/vc_column_text][\/vc_column][vc_column width=\u00a0\u00bb1\/2&Prime;][vc_gallery type=\u00a0\u00bbflexslider_slide\u00a0\u00bb interval=\u00a0\u00bb3&Prime; images=\u00a0\u00bb7987,8008,8029,7995,8020,8004&Prime; img_size=\u00a0\u00bb600&#215;450&Prime; onclick=\u00a0\u00bb\u00a0\u00bb css=\u00a0\u00bb\u00a0\u00bb][\/vc_column][\/vc_row][vc_row][vc_column width=\u00a0\u00bb1\/2&Prime;]\n\t<div class=\"thim-sc-heading  \" style = text-align:left; >\n\t\t<div class=\"article_heading \">\n\t\t\t<p class=\"heading_primary\"  >Chambres Deluxe<\/p>\n\t\t\t\n\t\t\t \n\t\t\t\n\t\t<\/div>\n\t<\/div>[vc_column_text]Nos sept chambres Deluxe, spacieuses et confortables, se trouvent au second et dernier \u00e9tage de l&rsquo;h\u00f4tel ; elles jouissent d&rsquo;une vue splendide sur le golfe de Portoferraio depuis leur terrasse priv\u00e9e \u00e9quip\u00e9e de chaises-longues.<\/p>\n<p>Vous les trouverez dans les versions chambres doubles, triples et quadruples.[\/vc_column_text][\/vc_column][vc_column width=\u00a0\u00bb1\/2&Prime;][vc_gallery type=\u00a0\u00bbflexslider_slide\u00a0\u00bb interval=\u00a0\u00bb3&Prime; images=\u00a0\u00bb8066,8201,8034,8042,8052,8060,7087,7055,7639,8070&Prime; img_size=\u00a0\u00bb600&#215;450&Prime; onclick=\u00a0\u00bb\u00a0\u00bb css=\u00a0\u00bb\u00a0\u00bb][\/vc_column][\/vc_row]<\/p>\n<\/div>","protected":false},"excerpt":{"rendered":"<p>[vc_row][vc_column][vc_widget_sidebar sidebar_id=\u00a0\u00bbthim_sidebar_1510833136&Prime;][\/vc_column][\/vc_row][vc_row css=\u00a0\u00bb.vc_custom_1520495430443{padding-top: 50px !important;}\u00a0\u00bb][vc_column][vc_empty_space height=\u00a0\u00bb20px\u00a0\u00bb][vc_column_text]Toutes nos chambres disposent de balcon ou de v\u00e9randa ext\u00e9rieure, climatisation, connexion internet WiFi gratuite, minibar, coffre-fort, t\u00e9l\u00e9vision par satellite, salle de bain avec douche, s\u00e8che-cheveux et accessoirs de toilette.[\/vc_column_text][vc_empty_space height=\u00a0\u00bb20px\u00a0\u00bb][\/vc_column][\/vc_row][vc_row][vc_column width=\u00a0\u00bb1\/2&Prime;][vc_column_text css=\u00a0\u00bb\u00a0\u00bb]Nos chambres Standard sont situ\u00e9es au rez-de-chauss\u00e9e avec une terrasse priv\u00e9e ou au&#8230;<\/p>\n","protected":false},"author":2,"featured_media":0,"parent":0,"menu_order":0,"comment_status":"closed","ping_status":"closed","template":"","meta":{"footnotes":""},"class_list":["post-6364","page","type-page","status-publish","hentry"],"_links":{"self":[{"href":"https:\/\/www.hotelmare.org\/fr\/wp-json\/wp\/v2\/pages\/6364","targetHints":{"allow":["GET"]}}],"collection":[{"href":"https:\/\/www.hotelmare.org\/fr\/wp-json\/wp\/v2\/pages"}],"about":[{"href":"https:\/\/www.hotelmare.org\/fr\/wp-json\/wp\/v2\/types\/page"}],"author":[{"embeddable":true,"href":"https:\/\/www.hotelmare.org\/fr\/wp-json\/wp\/v2\/users\/2"}],"replies":[{"embeddable":true,"href":"https:\/\/www.hotelmare.org\/fr\/wp-json\/wp\/v2\/comments?post=6364"}],"version-history":[{"count":5,"href":"https:\/\/www.hotelmare.org\/fr\/wp-json\/wp\/v2\/pages\/6364\/revisions"}],"predecessor-version":[{"id":8206,"href":"https:\/\/www.hotelmare.org\/fr\/wp-json\/wp\/v2\/pages\/6364\/revisions\/8206"}],"wp:attachment":[{"href":"https:\/\/www.hotelmare.org\/fr\/wp-json\/wp\/v2\/media?parent=6364"}],"curies":[{"name":"wp","href":"https:\/\/api.w.org\/{rel}","templated":true}]}}

<div class="wpb-content-wrapper"><p>[vc_row][vc_column][vc_widget_sidebar sidebar_id= »thim_sidebar_1510833136&Prime;][/vc_column][/vc_row][vc_row css= ».vc_custom_1520495430443{padding-top: 50px !important;} »][vc_column]
	<div class="thim-sc-heading  " >
		<div class="article_heading ">
			<p class="heading_primary" style="color: #118acb;font-size: 28px;font-weight: bold;" >NOS CHAMBRES</p>
			
			 
			
		</div>
	</div>[vc_empty_space height= »20px »][vc_column_text]Toutes nos chambres disposent de balcon ou de véranda extérieure, climatisation, connexion internet WiFi gratuite, minibar, coffre-fort, télévision par satellite, salle de bain avec douche, sèche-cheveux et accessoirs de toilette.[/vc_column_text][vc_empty_space height= »20px »][/vc_column][/vc_row][vc_row][vc_column width= »1/2&Prime;]
	<div class="thim-sc-heading  " style = text-align:left; >
		<div class="article_heading ">
			<p class="heading_primary"  >Chambres Standard</p>
			
			 
			
		</div>
	</div>[vc_column_text css= » »]Nos chambres Standard sont situées au rez-de-chaussée <span class="HwtZe" lang="fr"><span class="jCAhz ChMk0b"><span class="ryNqvb">avec une terrasse privée</span></span></span> <span class="HwtZe" lang="fr"><span class="jCAhz ChMk0b"><span class="ryNqvb">ou au premier étage avec balcon</span></span></span>. Même si elles ne bénéficient pas de la vue sur la mer, elles sont silencieuses et confortables.</p>
<p>Ce sont des chambres doubles, triples ou quadruples.[/vc_column_text][/vc_column][vc_column width= »1/2&Prime;][vc_gallery type= »flexslider_slide » interval= »3&Prime; images= »7868,7917,7876,7888,7893,7897,7912&Prime; img_size= »600&#215;450&Prime; onclick= » » css= » »][/vc_column][/vc_row][vc_row][vc_column width= »1/2&Prime;]
	<div class="thim-sc-heading  " style = text-align:left; >
		<div class="article_heading ">
			<p class="heading_primary"  >Chambres Classic</p>
			
			 
			
		</div>
	</div>[vc_column_text css= » »]Les chambres Classic sont situées dans le jardin de l&rsquo;hôtel. <span class="HwtZe" lang="fr"><span class="jCAhz ChMk0b"><span class="ryNqvb">Elles disposent toutes d&rsquo;une terrasse privée avec vue sur la mer et la piscine</span></span></span></p>
<p>Vous les trouverez dans les versions chambres doubles, triples ou quadruples.[/vc_column_text][/vc_column][vc_column width= »1/2&Prime;][vc_gallery type= »flexslider_slide » interval= »3&Prime; images= »7953,7931,7935,7957,7947,7972,7966,7976&Prime; img_size= »600&#215;450&Prime; onclick= » » css= » »][/vc_column][/vc_row][vc_row][vc_column width= »1/2&Prime;]
	<div class="thim-sc-heading  " style = text-align:left; >
		<div class="article_heading ">
			<p class="heading_primary"  >Chambres Superior</p>
			
			 
			
		</div>
	</div>[vc_column_text]Les chambres Superior sont toutes situées au premier étage et équipées de terrasse privée avec vue sur mer.</p>
<p>Vous les trouverez dans les versions chambres doubles et triples.[/vc_column_text][/vc_column][vc_column width= »1/2&Prime;][vc_gallery type= »flexslider_slide » interval= »3&Prime; images= »7987,8008,8029,7995,8020,8004&Prime; img_size= »600&#215;450&Prime; onclick= » » css= » »][/vc_column][/vc_row][vc_row][vc_column width= »1/2&Prime;]
	<div class="thim-sc-heading  " style = text-align:left; >
		<div class="article_heading ">
			<p class="heading_primary"  >Chambres Deluxe</p>
			
			 
			
		</div>
	</div>[vc_column_text]Nos sept chambres Deluxe, spacieuses et confortables, se trouvent au second et dernier étage de l&rsquo;hôtel ; elles jouissent d&rsquo;une vue splendide sur le golfe de Portoferraio depuis leur terrasse privée équipée de chaises-longues.</p>
<p>Vous les trouverez dans les versions chambres doubles, triples et quadruples.[/vc_column_text][/vc_column][vc_column width= »1/2&Prime;][vc_gallery type= »flexslider_slide » interval= »3&Prime; images= »8066,8201,8034,8042,8052,8060,7087,7055,7639,8070&Prime; img_size= »600&#215;450&Prime; onclick= » » css= » »][/vc_column][/vc_row]</p>
</div>

<p>[vc_row][vc_column][vc_widget_sidebar sidebar_id= »thim_sidebar_1510833136&Prime;][/vc_column][/vc_row][vc_row css= ».vc_custom_1520495430443{padding-top: 50px !important;} »][vc_column][vc_empty_space height= »20px »][vc_column_text]Toutes nos chambres disposent de balcon ou de véranda extérieure, climatisation, connexion internet WiFi gratuite, minibar, coffre-fort, télévision par satellite, salle de bain avec douche, sèche-cheveux et accessoirs de toilette.[/vc_column_text][vc_empty_space height= »20px »][/vc_column][/vc_row][vc_row][vc_column width= »1/2&Prime;][vc_column_text css= » »]Nos chambres Standard sont situées au rez-de-chaussée avec une terrasse privée ou au&#8230;</p>
